{"id":69,"date":"2020-01-27T08:05:29","date_gmt":"2020-01-27T08:05:29","guid":{"rendered":"https:\/\/demosites.io\/web-agency-gb\/?page_id=69"},"modified":"2021-03-23T12:08:14","modified_gmt":"2021-03-23T11:08:14","slug":"15c42-web-agency-gb-portfolio","status":"publish","type":"page","link":"https:\/\/www.textilprint.sk\/?page_id=69","title":{"rendered":"Portf\u00f3lio"},"content":{"rendered":"\n<h2 class=\"wp-block-heading\">Portf\u00f3lio<\/h2>\n\n\n\n<figure class=\"wp-block-gallery columns-3 is-cropped wp-block-gallery-1 is-layout-flex wp-block-gallery-is-layout-flex\"><ul class=\"blocks-gallery-grid\"><li class=\"blocks-gallery-item\"><figure><img loading=\"lazy\" decoding=\"async\" width=\"1024\" height=\"1024\" src=\"https:\/\/www.textilprint.sk\/new\/wp-content\/uploads\/2021\/03\/1-1024x1024.jpeg\" alt=\"\" data-id=\"449\" data-link=\"https:\/\/www.textilprint.sk\/new\/?attachment_id=449\" class=\"wp-image-449\" srcset=\"https:\/\/www.textilprint.sk\/wp-content\/uploads\/2021\/03\/1-1024x1024.jpeg 1024w, https:\/\/www.textilprint.sk\/wp-content\/uploads\/2021\/03\/1-300x300.jpeg 300w, https:\/\/www.textilprint.sk\/wp-content\/uploads\/2021\/03\/1-150x150.jpeg 150w, https:\/\/www.textilprint.sk\/wp-content\/uploads\/2021\/03\/1-768x768.jpeg 768w, https:\/\/www.textilprint.sk\/wp-content\/uploads\/2021\/03\/1-1536x1536.jpeg 1536w, https:\/\/www.textilprint.sk\/wp-content\/uploads\/2021\/03\/1.jpeg 1600w\" sizes=\"auto, (max-width: 1024px) 100vw, 1024px\" \/><figcaption class=\"blocks-gallery-item__caption\"><br><br><br>Sie\u0165otla\u010d na tmav\u00fd textil<\/figcaption><\/figure><\/li><li class=\"blocks-gallery-item\"><figure><img loading=\"lazy\" decoding=\"async\" width=\"1024\" height=\"1024\" src=\"https:\/\/www.textilprint.sk\/new\/wp-content\/uploads\/2021\/03\/2-1024x1024.jpeg\" alt=\"\" data-id=\"450\" data-link=\"https:\/\/www.textilprint.sk\/new\/?attachment_id=450\" class=\"wp-image-450\" srcset=\"https:\/\/www.textilprint.sk\/wp-content\/uploads\/2021\/03\/2-1024x1024.jpeg 1024w, https:\/\/www.textilprint.sk\/wp-content\/uploads\/2021\/03\/2-300x300.jpeg 300w, https:\/\/www.textilprint.sk\/wp-content\/uploads\/2021\/03\/2-150x150.jpeg 150w, https:\/\/www.textilprint.sk\/wp-content\/uploads\/2021\/03\/2-768x768.jpeg 768w, https:\/\/www.textilprint.sk\/wp-content\/uploads\/2021\/03\/2-1536x1536.jpeg 1536w, https:\/\/www.textilprint.sk\/wp-content\/uploads\/2021\/03\/2.jpeg 1600w\" sizes=\"auto, (max-width: 1024px) 100vw, 1024px\" \/><figcaption class=\"blocks-gallery-item__caption\">Sie\u0165otla\u010d so \u0161peci\u00e1lnym efektom<\/figcaption><\/figure><\/li><li class=\"blocks-gallery-item\"><figure><img loading=\"lazy\" decoding=\"async\" width=\"1024\" height=\"1024\" src=\"https:\/\/www.textilprint.sk\/new\/wp-content\/uploads\/2021\/03\/3-1024x1024.jpeg\" alt=\"\" data-id=\"451\" data-link=\"https:\/\/www.textilprint.sk\/new\/?attachment_id=451\" class=\"wp-image-451\" srcset=\"https:\/\/www.textilprint.sk\/wp-content\/uploads\/2021\/03\/3-1024x1024.jpeg 1024w, https:\/\/www.textilprint.sk\/wp-content\/uploads\/2021\/03\/3-300x300.jpeg 300w, https:\/\/www.textilprint.sk\/wp-content\/uploads\/2021\/03\/3-150x150.jpeg 150w, https:\/\/www.textilprint.sk\/wp-content\/uploads\/2021\/03\/3-768x768.jpeg 768w, https:\/\/www.textilprint.sk\/wp-content\/uploads\/2021\/03\/3-1536x1536.jpeg 1536w, https:\/\/www.textilprint.sk\/wp-content\/uploads\/2021\/03\/3.jpeg 1600w\" sizes=\"auto, (max-width: 1024px) 100vw, 1024px\" \/><figcaption class=\"blocks-gallery-item__caption\">Transferov\u00e1 potla\u010d na tri\u010dko<\/figcaption><\/figure><\/li><li class=\"blocks-gallery-item\"><figure><img loading=\"lazy\" decoding=\"async\" width=\"1024\" height=\"768\" src=\"https:\/\/www.textilprint.sk\/new\/wp-content\/uploads\/2021\/03\/4-1024x768.jpg\" alt=\"\" data-id=\"452\" data-link=\"https:\/\/www.textilprint.sk\/new\/?attachment_id=452\" class=\"wp-image-452\" srcset=\"https:\/\/www.textilprint.sk\/wp-content\/uploads\/2021\/03\/4-1024x768.jpg 1024w, https:\/\/www.textilprint.sk\/wp-content\/uploads\/2021\/03\/4-300x225.jpg 300w, https:\/\/www.textilprint.sk\/wp-content\/uploads\/2021\/03\/4-768x576.jpg 768w, https:\/\/www.textilprint.sk\/wp-content\/uploads\/2021\/03\/4-1536x1152.jpg 1536w, https:\/\/www.textilprint.sk\/wp-content\/uploads\/2021\/03\/4-2048x1536.jpg 2048w\" sizes=\"auto, (max-width: 1024px) 100vw, 1024px\" \/><figcaption class=\"blocks-gallery-item__caption\">Potla\u010d na papierov\u00e9 per\u00e1<\/figcaption><\/figure><\/li><li class=\"blocks-gallery-item\"><figure><img loading=\"lazy\" decoding=\"async\" width=\"1024\" height=\"1024\" src=\"https:\/\/www.textilprint.sk\/new\/wp-content\/uploads\/2021\/03\/5-1024x1024.jpeg\" alt=\"\" data-id=\"453\" data-link=\"https:\/\/www.textilprint.sk\/new\/?attachment_id=453\" class=\"wp-image-453\" srcset=\"https:\/\/www.textilprint.sk\/wp-content\/uploads\/2021\/03\/5-1024x1024.jpeg 1024w, https:\/\/www.textilprint.sk\/wp-content\/uploads\/2021\/03\/5-300x300.jpeg 300w, https:\/\/www.textilprint.sk\/wp-content\/uploads\/2021\/03\/5-150x150.jpeg 150w, https:\/\/www.textilprint.sk\/wp-content\/uploads\/2021\/03\/5-768x768.jpeg 768w, https:\/\/www.textilprint.sk\/wp-content\/uploads\/2021\/03\/5-1536x1536.jpeg 1536w, https:\/\/www.textilprint.sk\/wp-content\/uploads\/2021\/03\/5.jpeg 1600w\" sizes=\"auto, (max-width: 1024px) 100vw, 1024px\" \/><figcaption class=\"blocks-gallery-item__caption\">R\u00fa\u0161ko s v\u00fd\u0161ivkou<\/figcaption><\/figure><\/li><li class=\"blocks-gallery-item\"><figure><img loading=\"lazy\" decoding=\"async\" width=\"1024\" height=\"1024\" src=\"https:\/\/www.textilprint.sk\/new\/wp-content\/uploads\/2021\/03\/6-1024x1024.jpeg\" alt=\"\" data-id=\"454\" data-link=\"https:\/\/www.textilprint.sk\/new\/?attachment_id=454\" class=\"wp-image-454\" srcset=\"https:\/\/www.textilprint.sk\/wp-content\/uploads\/2021\/03\/6-1024x1024.jpeg 1024w, https:\/\/www.textilprint.sk\/wp-content\/uploads\/2021\/03\/6-300x300.jpeg 300w, https:\/\/www.textilprint.sk\/wp-content\/uploads\/2021\/03\/6-150x150.jpeg 150w, https:\/\/www.textilprint.sk\/wp-content\/uploads\/2021\/03\/6-768x768.jpeg 768w, https:\/\/www.textilprint.sk\/wp-content\/uploads\/2021\/03\/6-1536x1536.jpeg 1536w, https:\/\/www.textilprint.sk\/wp-content\/uploads\/2021\/03\/6.jpeg 1600w\" sizes=\"auto, (max-width: 1024px) 100vw, 1024px\" \/><figcaption class=\"blocks-gallery-item__caption\">Sie\u0165otla\u010d na textil a z\u00e1pisn\u00edk<\/figcaption><\/figure><\/li><li class=\"blocks-gallery-item\"><figure><img loading=\"lazy\" decoding=\"async\" width=\"768\" height=\"1024\" src=\"https:\/\/www.textilprint.sk\/new\/wp-content\/uploads\/2021\/03\/7-768x1024.jpg\" alt=\"\" data-id=\"455\" data-link=\"https:\/\/www.textilprint.sk\/new\/?attachment_id=455\" class=\"wp-image-455\" srcset=\"https:\/\/www.textilprint.sk\/wp-content\/uploads\/2021\/03\/7-768x1024.jpg 768w, https:\/\/www.textilprint.sk\/wp-content\/uploads\/2021\/03\/7-225x300.jpg 225w, https:\/\/www.textilprint.sk\/wp-content\/uploads\/2021\/03\/7-1152x1536.jpg 1152w, https:\/\/www.textilprint.sk\/wp-content\/uploads\/2021\/03\/7-1536x2048.jpg 1536w, https:\/\/www.textilprint.sk\/wp-content\/uploads\/2021\/03\/7-scaled.jpg 1920w\" sizes=\"auto, (max-width: 768px) 100vw, 768px\" \/><figcaption class=\"blocks-gallery-item__caption\">Sie\u0165otla\u010d na kart\u00f3nov\u00fa krabicu<\/figcaption><\/figure><\/li><li class=\"blocks-gallery-item\"><figure><img loading=\"lazy\" decoding=\"async\" width=\"1024\" height=\"1024\" src=\"https:\/\/www.textilprint.sk\/new\/wp-content\/uploads\/2021\/03\/8-1024x1024.jpeg\" alt=\"\" data-id=\"456\" data-link=\"https:\/\/www.textilprint.sk\/new\/?attachment_id=456\" class=\"wp-image-456\" srcset=\"https:\/\/www.textilprint.sk\/wp-content\/uploads\/2021\/03\/8-1024x1024.jpeg 1024w, https:\/\/www.textilprint.sk\/wp-content\/uploads\/2021\/03\/8-300x300.jpeg 300w, https:\/\/www.textilprint.sk\/wp-content\/uploads\/2021\/03\/8-150x150.jpeg 150w, https:\/\/www.textilprint.sk\/wp-content\/uploads\/2021\/03\/8-768x768.jpeg 768w, https:\/\/www.textilprint.sk\/wp-content\/uploads\/2021\/03\/8-1536x1536.jpeg 1536w, https:\/\/www.textilprint.sk\/wp-content\/uploads\/2021\/03\/8.jpeg 1600w\" sizes=\"auto, (max-width: 1024px) 100vw, 1024px\" \/><figcaption class=\"blocks-gallery-item__caption\">V\u00fd\u0161ivka na l\u00e1tku, na mieru<\/figcaption><\/figure><\/li><li class=\"blocks-gallery-item\"><figure><img loading=\"lazy\" decoding=\"async\" width=\"1024\" height=\"1024\" src=\"https:\/\/www.textilprint.sk\/new\/wp-content\/uploads\/2021\/03\/9-1024x1024.jpeg\" alt=\"\" data-id=\"457\" data-link=\"https:\/\/www.textilprint.sk\/new\/?attachment_id=457\" class=\"wp-image-457\" srcset=\"https:\/\/www.textilprint.sk\/wp-content\/uploads\/2021\/03\/9-1024x1024.jpeg 1024w, https:\/\/www.textilprint.sk\/wp-content\/uploads\/2021\/03\/9-300x300.jpeg 300w, https:\/\/www.textilprint.sk\/wp-content\/uploads\/2021\/03\/9-150x150.jpeg 150w, https:\/\/www.textilprint.sk\/wp-content\/uploads\/2021\/03\/9-768x768.jpeg 768w, https:\/\/www.textilprint.sk\/wp-content\/uploads\/2021\/03\/9-1536x1536.jpeg 1536w, https:\/\/www.textilprint.sk\/wp-content\/uploads\/2021\/03\/9.jpeg 1600w\" sizes=\"auto, (max-width: 1024px) 100vw, 1024px\" \/><figcaption class=\"blocks-gallery-item__caption\">Bezpe\u010dnostn\u00e1 pe\u010datn\u00e1 f\u00f3lia<\/figcaption><\/figure><\/li><li class=\"blocks-gallery-item\"><figure><img loading=\"lazy\" decoding=\"async\" width=\"1024\" height=\"768\" src=\"https:\/\/www.textilprint.sk\/new\/wp-content\/uploads\/2021\/03\/10-1024x768.jpg\" alt=\"\" data-id=\"458\" data-link=\"https:\/\/www.textilprint.sk\/new\/?attachment_id=458\" class=\"wp-image-458\" srcset=\"https:\/\/www.textilprint.sk\/wp-content\/uploads\/2021\/03\/10-1024x768.jpg 1024w, https:\/\/www.textilprint.sk\/wp-content\/uploads\/2021\/03\/10-300x225.jpg 300w, https:\/\/www.textilprint.sk\/wp-content\/uploads\/2021\/03\/10-768x576.jpg 768w, https:\/\/www.textilprint.sk\/wp-content\/uploads\/2021\/03\/10-1536x1152.jpg 1536w, https:\/\/www.textilprint.sk\/wp-content\/uploads\/2021\/03\/10-2048x1536.jpg 2048w\" sizes=\"auto, (max-width: 1024px) 100vw, 1024px\" \/><figcaption class=\"blocks-gallery-item__caption\">Polep sanit\u00e1rneho vozidla reflexnou formou<\/figcaption><\/figure><\/li><li class=\"blocks-gallery-item\"><figure><img loading=\"lazy\" decoding=\"async\" width=\"1024\" height=\"1024\" src=\"https:\/\/www.textilprint.sk\/new\/wp-content\/uploads\/2021\/03\/11-1024x1024.jpeg\" alt=\"\" data-id=\"459\" data-link=\"https:\/\/www.textilprint.sk\/new\/?attachment_id=459\" class=\"wp-image-459\" srcset=\"https:\/\/www.textilprint.sk\/wp-content\/uploads\/2021\/03\/11-1024x1024.jpeg 1024w, https:\/\/www.textilprint.sk\/wp-content\/uploads\/2021\/03\/11-300x300.jpeg 300w, https:\/\/www.textilprint.sk\/wp-content\/uploads\/2021\/03\/11-150x150.jpeg 150w, https:\/\/www.textilprint.sk\/wp-content\/uploads\/2021\/03\/11-768x768.jpeg 768w, https:\/\/www.textilprint.sk\/wp-content\/uploads\/2021\/03\/11-1536x1536.jpeg 1536w, https:\/\/www.textilprint.sk\/wp-content\/uploads\/2021\/03\/11.jpeg 1600w\" sizes=\"auto, (max-width: 1024px) 100vw, 1024px\" \/><figcaption class=\"blocks-gallery-item__caption\">Transferov\u00e1 potla\u010d na mikinu<\/figcaption><\/figure><\/li><li class=\"blocks-gallery-item\"><figure><img loading=\"lazy\" decoding=\"async\" width=\"768\" height=\"1024\" src=\"https:\/\/www.textilprint.sk\/new\/wp-content\/uploads\/2021\/03\/12-768x1024.jpg\" alt=\"\" data-id=\"460\" data-link=\"https:\/\/www.textilprint.sk\/new\/?attachment_id=460\" class=\"wp-image-460\" srcset=\"https:\/\/www.textilprint.sk\/wp-content\/uploads\/2021\/03\/12-768x1024.jpg 768w, https:\/\/www.textilprint.sk\/wp-content\/uploads\/2021\/03\/12-225x300.jpg 225w, https:\/\/www.textilprint.sk\/wp-content\/uploads\/2021\/03\/12-1152x1536.jpg 1152w, https:\/\/www.textilprint.sk\/wp-content\/uploads\/2021\/03\/12-1536x2048.jpg 1536w, https:\/\/www.textilprint.sk\/wp-content\/uploads\/2021\/03\/12-scaled.jpg 1920w\" sizes=\"auto, (max-width: 768px) 100vw, 768px\" \/><figcaption class=\"blocks-gallery-item__caption\"><br><br><br><br>Polep sanitn\u00e9ho vozidla reflexnou a&nbsp;samolepiacou tla\u010dovou f\u00f3liou<\/figcaption><\/figure><\/li><li class=\"blocks-gallery-item\"><figure><img loading=\"lazy\" decoding=\"async\" width=\"1024\" height=\"1024\" src=\"https:\/\/www.textilprint.sk\/new\/wp-content\/uploads\/2021\/03\/13-1024x1024.jpeg\" alt=\"\" data-id=\"461\" data-link=\"https:\/\/www.textilprint.sk\/new\/?attachment_id=461\" class=\"wp-image-461\" srcset=\"https:\/\/www.textilprint.sk\/wp-content\/uploads\/2021\/03\/13-1024x1024.jpeg 1024w, https:\/\/www.textilprint.sk\/wp-content\/uploads\/2021\/03\/13-300x300.jpeg 300w, https:\/\/www.textilprint.sk\/wp-content\/uploads\/2021\/03\/13-150x150.jpeg 150w, https:\/\/www.textilprint.sk\/wp-content\/uploads\/2021\/03\/13-768x768.jpeg 768w, https:\/\/www.textilprint.sk\/wp-content\/uploads\/2021\/03\/13-1536x1536.jpeg 1536w, https:\/\/www.textilprint.sk\/wp-content\/uploads\/2021\/03\/13.jpeg 1600w\" sizes=\"auto, (max-width: 1024px) 100vw, 1024px\" \/><figcaption class=\"blocks-gallery-item__caption\">Sie\u0165otla\u010d na svetl\u00fd textil<\/figcaption><\/figure><\/li><li class=\"blocks-gallery-item\"><figure><img loading=\"lazy\" decoding=\"async\" width=\"1024\" height=\"1024\" src=\"https:\/\/www.textilprint.sk\/new\/wp-content\/uploads\/2021\/03\/14-1024x1024.jpeg\" alt=\"\" data-id=\"462\" data-link=\"https:\/\/www.textilprint.sk\/new\/?attachment_id=462\" class=\"wp-image-462\" srcset=\"https:\/\/www.textilprint.sk\/wp-content\/uploads\/2021\/03\/14-1024x1024.jpeg 1024w, https:\/\/www.textilprint.sk\/wp-content\/uploads\/2021\/03\/14-300x300.jpeg 300w, https:\/\/www.textilprint.sk\/wp-content\/uploads\/2021\/03\/14-150x150.jpeg 150w, https:\/\/www.textilprint.sk\/wp-content\/uploads\/2021\/03\/14-768x768.jpeg 768w, https:\/\/www.textilprint.sk\/wp-content\/uploads\/2021\/03\/14.jpeg 1512w\" sizes=\"auto, (max-width: 1024px) 100vw, 1024px\" \/><figcaption class=\"blocks-gallery-item__caption\">N\u00e1\u0161ivka, kombin\u00e1cia komplexnej a&nbsp;sat\u00e9novej v\u00fd\u0161ivky.<\/figcaption><\/figure><\/li><li class=\"blocks-gallery-item\"><figure><img loading=\"lazy\" decoding=\"async\" width=\"1024\" height=\"1024\" src=\"https:\/\/www.textilprint.sk\/new\/wp-content\/uploads\/2021\/03\/15-1024x1024.jpeg\" alt=\"\" data-id=\"463\" data-link=\"https:\/\/www.textilprint.sk\/new\/?attachment_id=463\" class=\"wp-image-463\" srcset=\"https:\/\/www.textilprint.sk\/wp-content\/uploads\/2021\/03\/15-1024x1024.jpeg 1024w, https:\/\/www.textilprint.sk\/wp-content\/uploads\/2021\/03\/15-300x300.jpeg 300w, https:\/\/www.textilprint.sk\/wp-content\/uploads\/2021\/03\/15-150x150.jpeg 150w, https:\/\/www.textilprint.sk\/wp-content\/uploads\/2021\/03\/15-768x768.jpeg 768w, https:\/\/www.textilprint.sk\/wp-content\/uploads\/2021\/03\/15-1536x1536.jpeg 1536w, https:\/\/www.textilprint.sk\/wp-content\/uploads\/2021\/03\/15.jpeg 1600w\" sizes=\"auto, (max-width: 1024px) 100vw, 1024px\" \/><figcaption class=\"blocks-gallery-item__caption\">Odznaky s priemerom 7,5 cm<\/figcaption><\/figure><\/li><li class=\"blocks-gallery-item\"><figure><img loading=\"lazy\" decoding=\"async\" width=\"768\" height=\"1024\" src=\"https:\/\/www.textilprint.sk\/new\/wp-content\/uploads\/2021\/03\/16-768x1024.jpg\" alt=\"\" data-id=\"464\" data-link=\"https:\/\/www.textilprint.sk\/new\/?attachment_id=464\" class=\"wp-image-464\" srcset=\"https:\/\/www.textilprint.sk\/wp-content\/uploads\/2021\/03\/16-768x1024.jpg 768w, https:\/\/www.textilprint.sk\/wp-content\/uploads\/2021\/03\/16-225x300.jpg 225w, https:\/\/www.textilprint.sk\/wp-content\/uploads\/2021\/03\/16-1152x1536.jpg 1152w, https:\/\/www.textilprint.sk\/wp-content\/uploads\/2021\/03\/16-1536x2048.jpg 1536w, https:\/\/www.textilprint.sk\/wp-content\/uploads\/2021\/03\/16-scaled.jpg 1920w\" sizes=\"auto, (max-width: 768px) 100vw, 768px\" \/><figcaption class=\"blocks-gallery-item__caption\">Sie\u0165otla\u010d so \u0161peci\u00e1lnou metalickou zlatou farbou<\/figcaption><\/figure><\/li><li class=\"blocks-gallery-item\"><figure><img loading=\"lazy\" decoding=\"async\" width=\"1019\" height=\"1024\" src=\"https:\/\/www.textilprint.sk\/new\/wp-content\/uploads\/2021\/03\/17-1019x1024.jpeg\" alt=\"\" data-id=\"465\" data-link=\"https:\/\/www.textilprint.sk\/new\/?attachment_id=465\" class=\"wp-image-465\" srcset=\"https:\/\/www.textilprint.sk\/wp-content\/uploads\/2021\/03\/17-1019x1024.jpeg 1019w, https:\/\/www.textilprint.sk\/wp-content\/uploads\/2021\/03\/17-300x300.jpeg 300w, https:\/\/www.textilprint.sk\/wp-content\/uploads\/2021\/03\/17-150x150.jpeg 150w, https:\/\/www.textilprint.sk\/wp-content\/uploads\/2021\/03\/17-768x772.jpeg 768w, https:\/\/www.textilprint.sk\/wp-content\/uploads\/2021\/03\/17-1528x1536.jpeg 1528w, https:\/\/www.textilprint.sk\/wp-content\/uploads\/2021\/03\/17.jpeg 1592w\" sizes=\"auto, (max-width: 1019px) 100vw, 1019px\" \/><figcaption class=\"blocks-gallery-item__caption\">Sie\u0165otla\u010d na tmav\u00fd textil, tenk\u00e9 linky<\/figcaption><\/figure><\/li><li class=\"blocks-gallery-item\"><figure><img loading=\"lazy\" decoding=\"async\" width=\"1024\" height=\"1024\" src=\"https:\/\/www.textilprint.sk\/new\/wp-content\/uploads\/2021\/03\/18-1024x1024.jpg\" alt=\"\" data-id=\"466\" data-link=\"https:\/\/www.textilprint.sk\/new\/?attachment_id=466\" class=\"wp-image-466\" srcset=\"https:\/\/www.textilprint.sk\/wp-content\/uploads\/2021\/03\/18-1024x1024.jpg 1024w, https:\/\/www.textilprint.sk\/wp-content\/uploads\/2021\/03\/18-300x300.jpg 300w, https:\/\/www.textilprint.sk\/wp-content\/uploads\/2021\/03\/18-150x150.jpg 150w, https:\/\/www.textilprint.sk\/wp-content\/uploads\/2021\/03\/18-768x768.jpg 768w, https:\/\/www.textilprint.sk\/wp-content\/uploads\/2021\/03\/18-1536x1536.jpg 1536w, https:\/\/www.textilprint.sk\/wp-content\/uploads\/2021\/03\/18-2048x2048.jpg 2048w\" sizes=\"auto, (max-width: 1024px) 100vw, 1024px\" \/><figcaption class=\"blocks-gallery-item__caption\">Sie\u0165otla\u010d na tmav\u00fd textil<\/figcaption><\/figure><\/li><li class=\"blocks-gallery-item\"><figure><img loading=\"lazy\" decoding=\"async\" width=\"1024\" height=\"1024\" src=\"https:\/\/www.textilprint.sk\/new\/wp-content\/uploads\/2021\/03\/19-1024x1024.jpeg\" alt=\"\" data-id=\"467\" data-link=\"https:\/\/www.textilprint.sk\/new\/?attachment_id=467\" class=\"wp-image-467\" srcset=\"https:\/\/www.textilprint.sk\/wp-content\/uploads\/2021\/03\/19-1024x1024.jpeg 1024w, https:\/\/www.textilprint.sk\/wp-content\/uploads\/2021\/03\/19-300x300.jpeg 300w, https:\/\/www.textilprint.sk\/wp-content\/uploads\/2021\/03\/19-150x150.jpeg 150w, https:\/\/www.textilprint.sk\/wp-content\/uploads\/2021\/03\/19-768x768.jpeg 768w, https:\/\/www.textilprint.sk\/wp-content\/uploads\/2021\/03\/19-1536x1536.jpeg 1536w, https:\/\/www.textilprint.sk\/wp-content\/uploads\/2021\/03\/19.jpeg 1600w\" sizes=\"auto, (max-width: 1024px) 100vw, 1024px\" \/><figcaption class=\"blocks-gallery-item__caption\">Propaga\u010dn\u00e9 predmety s logom firmy<\/figcaption><\/figure><\/li><li class=\"blocks-gallery-item\"><figure><img loading=\"lazy\" decoding=\"async\" width=\"1024\" height=\"1024\" src=\"https:\/\/www.textilprint.sk\/new\/wp-content\/uploads\/2021\/03\/20-1024x1024.jpeg\" alt=\"\" data-id=\"468\" data-link=\"https:\/\/www.textilprint.sk\/new\/?attachment_id=468\" class=\"wp-image-468\" srcset=\"https:\/\/www.textilprint.sk\/wp-content\/uploads\/2021\/03\/20-1024x1024.jpeg 1024w, https:\/\/www.textilprint.sk\/wp-content\/uploads\/2021\/03\/20-300x300.jpeg 300w, https:\/\/www.textilprint.sk\/wp-content\/uploads\/2021\/03\/20-150x150.jpeg 150w, https:\/\/www.textilprint.sk\/wp-content\/uploads\/2021\/03\/20-768x768.jpeg 768w, https:\/\/www.textilprint.sk\/wp-content\/uploads\/2021\/03\/20-1536x1536.jpeg 1536w, https:\/\/www.textilprint.sk\/wp-content\/uploads\/2021\/03\/20.jpeg 1600w\" sizes=\"auto, (max-width: 1024px) 100vw, 1024px\" \/><figcaption class=\"blocks-gallery-item__caption\">\u017divicov\u00e1 samolepka<\/figcaption><\/figure><\/li><li class=\"blocks-gallery-item\"><figure><img loading=\"lazy\" decoding=\"async\" width=\"1024\" height=\"576\" src=\"https:\/\/www.textilprint.sk\/new\/wp-content\/uploads\/2021\/03\/21-1024x576.jpeg\" alt=\"\" data-id=\"469\" data-full-url=\"https:\/\/www.textilprint.sk\/new\/wp-content\/uploads\/2021\/03\/21.jpeg\" data-link=\"https:\/\/www.textilprint.sk\/new\/?attachment_id=469\" class=\"wp-image-469\" srcset=\"https:\/\/www.textilprint.sk\/wp-content\/uploads\/2021\/03\/21-1024x576.jpeg 1024w, https:\/\/www.textilprint.sk\/wp-content\/uploads\/2021\/03\/21-300x169.jpeg 300w, https:\/\/www.textilprint.sk\/wp-content\/uploads\/2021\/03\/21-768x432.jpeg 768w, https:\/\/www.textilprint.sk\/wp-content\/uploads\/2021\/03\/21-1536x864.jpeg 1536w, https:\/\/www.textilprint.sk\/wp-content\/uploads\/2021\/03\/21.jpeg 1600w\" sizes=\"auto, (max-width: 1024px) 100vw, 1024px\" \/><figcaption class=\"blocks-gallery-item__caption\">V\u00fd\u0161ivka vs. Transfer<\/figcaption><\/figure><\/li><\/ul><\/figure>\n","protected":false},"excerpt":{"rendered":"<p>Portf\u00f3lio<\/p>\n","protected":false},"author":1,"featured_media":0,"parent":0,"menu_order":0,"comment_status":"closed","ping_status":"closed","template":"","meta":{"_monsterinsights_skip_tracking":false,"_monsterinsights_sitenote_active":false,"_monsterinsights_sitenote_note":"","_monsterinsights_sitenote_category":0,"neve_meta_sidebar":"full-width","neve_meta_container":"","neve_meta_enable_content_width":"on","neve_meta_content_width":100,"neve_meta_title_alignment":"","neve_meta_author_avatar":"","neve_post_elements_order":"","neve_meta_disable_header":"","neve_meta_disable_footer":"","neve_meta_disable_title":"on","_ti_tpc_template_sync":false,"_ti_tpc_template_id":"t3x60x1arljpehhy6mr6","footnotes":""},"class_list":["post-69","page","type-page","status-publish","hentry"],"_links":{"self":[{"href":"https:\/\/www.textilprint.sk\/index.php?rest_route=\/wp\/v2\/pages\/69","targetHints":{"allow":["GET"]}}],"collection":[{"href":"https:\/\/www.textilprint.sk\/index.php?rest_route=\/wp\/v2\/pages"}],"about":[{"href":"https:\/\/www.textilprint.sk\/index.php?rest_route=\/wp\/v2\/types\/page"}],"author":[{"embeddable":true,"href":"https:\/\/www.textilprint.sk\/index.php?rest_route=\/wp\/v2\/users\/1"}],"replies":[{"embeddable":true,"href":"https:\/\/www.textilprint.sk\/index.php?rest_route=%2Fwp%2Fv2%2Fcomments&post=69"}],"version-history":[{"count":13,"href":"https:\/\/www.textilprint.sk\/index.php?rest_route=\/wp\/v2\/pages\/69\/revisions"}],"predecessor-version":[{"id":509,"href":"https:\/\/www.textilprint.sk\/index.php?rest_route=\/wp\/v2\/pages\/69\/revisions\/509"}],"wp:attachment":[{"href":"https:\/\/www.textilprint.sk\/index.php?rest_route=%2Fwp%2Fv2%2Fmedia&parent=69"}],"curies":[{"name":"wp","href":"https:\/\/api.w.org\/{rel}","templated":true}]}}