{"id":230,"date":"2021-02-26T12:50:00","date_gmt":"2021-02-26T11:50:00","guid":{"rendered":"https:\/\/demosites.io\/web-agency-gb\/?page_id=5"},"modified":"2021-04-08T14:09:29","modified_gmt":"2021-04-08T12:09:29","slug":"15c42-web-agency-gb-home","status":"publish","type":"page","link":"https:\/\/www.textilprint.sk\/","title":{"rendered":"Domov"},"content":{"rendered":"\n<div class=\"wp-block-cover alignfull has-background-dim\" style=\"min-height:700px;aspect-ratio:unset;\"><img loading=\"lazy\" decoding=\"async\" width=\"1600\" height=\"1073\" class=\"wp-block-cover__image-background wp-image-336\" alt=\"\" src=\"https:\/\/www.textilprint.sk\/new\/wp-content\/uploads\/2021\/03\/Home-fotka.jpeg\" style=\"object-position:77% 4%\" data-object-fit=\"cover\" data-object-position=\"77% 4%\" srcset=\"https:\/\/www.textilprint.sk\/wp-content\/uploads\/2021\/03\/Home-fotka.jpeg 1600w, https:\/\/www.textilprint.sk\/wp-content\/uploads\/2021\/03\/Home-fotka-300x201.jpeg 300w, https:\/\/www.textilprint.sk\/wp-content\/uploads\/2021\/03\/Home-fotka-1024x687.jpeg 1024w, https:\/\/www.textilprint.sk\/wp-content\/uploads\/2021\/03\/Home-fotka-768x515.jpeg 768w, https:\/\/www.textilprint.sk\/wp-content\/uploads\/2021\/03\/Home-fotka-1536x1030.jpeg 1536w\" sizes=\"auto, (max-width: 1600px) 100vw, 1600px\" \/><div class=\"wp-block-cover__inner-container is-layout-flow wp-block-cover-is-layout-flow\">\n<div style=\"height:80px\" aria-hidden=\"true\" class=\"wp-block-spacer\"><\/div>\n\n\n\n<h1 class=\"has-text-align-center has-nv-text-dark-bg-color has-text-color wp-block-heading\">#textilprint<\/h1>\n\n\n\n<h2 class=\"has-text-align-center has-nv-site-bg-color has-text-color wp-block-heading\"><strong>Tvoriv\u00e1 tla\u010d a v\u00fd\u0161ivka je pre n\u00e1s remeslom.<\/strong><\/h2>\n\n\n\n<div class=\"wp-block-buttons is-content-justification-center is-layout-flex wp-block-buttons-is-layout-flex\">\n<div class=\"wp-block-button is-style-primary\"><a class=\"wp-block-button__link has-nv-dark-bg-color has-nv-light-bg-background-color has-text-color has-background\" href=\"https:\/\/www.textilprint.sk\/?page_id=61\" style=\"border-radius:9px\">O n\u00e1s<\/a><\/div>\n\n\n\n<div class=\"wp-block-button is-style-primary\"><a class=\"wp-block-button__link has-nv-text-dark-bg-color has-neve-text-color-background-color has-text-color has-background\" href=\"https:\/\/www.textilprint.sk\/?page_id=75\" style=\"border-radius:9px\">Kontakt<\/a><\/div>\n<\/div>\n\n\n\n<div style=\"height:80px\" aria-hidden=\"true\" class=\"wp-block-spacer\"><\/div>\n\n\n\n<div style=\"height:80px\" aria-hidden=\"true\" class=\"wp-block-spacer\"><\/div>\n<\/div><\/div>\n\n\n\n<div style=\"height:80px\" aria-hidden=\"true\" class=\"wp-block-spacer\"><\/div>\n\n\n\n<div class=\"wp-block-image\"><figure class=\"aligncenter size-large is-resized\"><img loading=\"lazy\" decoding=\"async\" src=\"https:\/\/www.textilprint.sk\/new\/wp-content\/uploads\/2021\/03\/ikona-2.png\" alt=\"\" class=\"wp-image-433\" width=\"108\" height=\"108\" srcset=\"https:\/\/www.textilprint.sk\/wp-content\/uploads\/2021\/03\/ikona-2.png 512w, https:\/\/www.textilprint.sk\/wp-content\/uploads\/2021\/03\/ikona-2-300x300.png 300w, https:\/\/www.textilprint.sk\/wp-content\/uploads\/2021\/03\/ikona-2-150x150.png 150w\" sizes=\"auto, (max-width: 108px) 100vw, 108px\" \/><\/figure><\/div>\n\n\n\n<div class=\"wp-block-columns is-layout-flex wp-container-core-columns-is-layout-9d6595d7 wp-block-columns-is-layout-flex\">\n<div class=\"wp-block-column is-layout-flow wp-block-column-is-layout-flow\">\n<h1 class=\"has-text-align-center wp-block-heading\">Potla\u010d a v\u00fd\u0161ivka na textil, sie\u0165otla\u010d, digit\u00e1lna tla\u010d<\/h1>\n<\/div>\n<\/div>\n\n\n\n<div style=\"height:80px\" aria-hidden=\"true\" class=\"wp-block-spacer\"><\/div>\n\n\n\n<div class=\"wp-block-cover alignfull has-nv-light-bg-background-color has-background-dim\" style=\"min-height:600px;aspect-ratio:unset;\"><div class=\"wp-block-cover__inner-container is-layout-flow wp-block-cover-is-layout-flow\">\n<div class=\"wp-block-group\"><div class=\"wp-block-group__inner-container is-layout-flow wp-block-group-is-layout-flow\">\n<div style=\"height:80px\" aria-hidden=\"true\" class=\"wp-block-spacer\"><\/div>\n\n\n\n<div class=\"wp-block-columns are-vertically-aligned-center is-layout-flex wp-container-core-columns-is-layout-9d6595d7 wp-block-columns-is-layout-flex\">\n<div class=\"wp-block-column is-vertically-aligned-center is-layout-flow wp-block-column-is-layout-flow\" style=\"flex-basis:50%\">\n<figure class=\"wp-block-image size-large\"><img loading=\"lazy\" decoding=\"async\" width=\"1024\" height=\"1024\" src=\"https:\/\/www.textilprint.sk\/new\/wp-content\/uploads\/2021\/03\/A31017B8-4CE4-4E21-AF04-BE79EA90A578-1024x1024.jpeg\" alt=\"\" class=\"wp-image-471\" srcset=\"https:\/\/www.textilprint.sk\/wp-content\/uploads\/2021\/03\/A31017B8-4CE4-4E21-AF04-BE79EA90A578-1024x1024.jpeg 1024w, https:\/\/www.textilprint.sk\/wp-content\/uploads\/2021\/03\/A31017B8-4CE4-4E21-AF04-BE79EA90A578-300x300.jpeg 300w, https:\/\/www.textilprint.sk\/wp-content\/uploads\/2021\/03\/A31017B8-4CE4-4E21-AF04-BE79EA90A578-150x150.jpeg 150w, https:\/\/www.textilprint.sk\/wp-content\/uploads\/2021\/03\/A31017B8-4CE4-4E21-AF04-BE79EA90A578-768x768.jpeg 768w, https:\/\/www.textilprint.sk\/wp-content\/uploads\/2021\/03\/A31017B8-4CE4-4E21-AF04-BE79EA90A578-1536x1536.jpeg 1536w, https:\/\/www.textilprint.sk\/wp-content\/uploads\/2021\/03\/A31017B8-4CE4-4E21-AF04-BE79EA90A578-2048x2048.jpeg 2048w\" sizes=\"auto, (max-width: 1024px) 100vw, 1024px\" \/><\/figure>\n<\/div>\n\n\n\n<div class=\"wp-block-column is-vertically-aligned-center is-layout-flow wp-block-column-is-layout-flow\" style=\"flex-basis:50%\">\n<h2 class=\"has-text-align-left has-neve-text-color-color has-text-color wp-block-heading\">Urobte si rados\u0165 \u2013 potla\u010d na mieru, mal\u00e9 s\u00e9rie<\/h2>\n\n\n\n<p class=\"has-neve-text-color-color has-text-color\">Pote\u0161te seba a svojich bl\u00edzkych Osobn\u00fdm dar\u010dekom.<br>Vytvorte si rodinn\u00fd merch na oslavu \u010di tradi\u010dn\u00fa gul\u00e1\u0161 p\u00e1rty.<br>Zdie\u013eajte so svetom, \u010do si mysl\u00edte \u2013 va\u0161e n\u00e1zory a my\u0161lienky m\u00f4\u017eu by\u0165 razom na tri\u010dku, ta\u0161ke, \u010di odznaku. M\u00f4\u017eete si prinies\u0165 svoj textil \u010di dan\u00fd predmet, alebo si vybra\u0165 z\u00a0katal\u00f3gov, ktor\u00e9 pon\u00fakame.<br>M\u00e1te vlastn\u00fd n\u00e1pad a\u00a0viete, \u010do potrebujete, <a href=\"https:\/\/www.textilprint.sk\/?page_id=75\" data-type=\"URL\" data-id=\"https:\/\/www.textilprint.sk\/?page_id=75\">ozvite sa n\u00e1m<\/a> alebo sa in\u0161pirujte <a href=\"https:\/\/www.textilprint.sk\/?page_id=69\" data-type=\"URL\" data-id=\"https:\/\/www.textilprint.sk\/?page_id=69\">portf\u00f3lio<\/a>.<br>Radi V\u00e1m pom\u00f4\u017eeme od v\u00fdberu materi\u00e1lu a\u017e po odpor\u00fa\u010dan\u00fa formu tla\u010diarenskej technol\u00f3gie.<\/p>\n\n\n\n<div style=\"height:20px\" aria-hidden=\"true\" class=\"wp-block-spacer\"><\/div>\n\n\n\n<p><\/p>\n<\/div>\n<\/div>\n\n\n\n<div style=\"height:40px\" aria-hidden=\"true\" class=\"wp-block-spacer\"><\/div>\n<\/div><\/div>\n<\/div><\/div>\n\n\n\n<div class=\"wp-block-cover alignfull has-nv-site-bg-background-color has-background-dim\" style=\"min-height:600px;aspect-ratio:unset;\"><div class=\"wp-block-cover__inner-container is-layout-flow wp-block-cover-is-layout-flow\">\n<div class=\"wp-block-group\"><div class=\"wp-block-group__inner-container is-layout-flow wp-block-group-is-layout-flow\">\n<div style=\"height:80px\" aria-hidden=\"true\" class=\"wp-block-spacer\"><\/div>\n\n\n\n<div class=\"wp-block-columns are-vertically-aligned-center is-layout-flex wp-container-core-columns-is-layout-9d6595d7 wp-block-columns-is-layout-flex\">\n<div class=\"wp-block-column is-vertically-aligned-center is-layout-flow wp-block-column-is-layout-flow\" style=\"flex-basis:50%\">\n<h2 class=\"has-text-align-left has-neve-text-color-color has-text-color wp-block-heading\">Bu\u010fte rozpoznate\u013en\u00ed &#8211; tla\u010d pre firmy, eshopy<\/h2>\n\n\n\n<p><\/p>\n\n\n\n<p class=\"has-neve-text-color-color has-text-color\">Vyniknite vo svete vizu\u00e1lneho smogu. Chcete pre zamestnancov vytla\u010di\u0165 tri\u010dk\u00e1 s va\u0161im logom? Rozm\u00fd\u0161\u013eate nad spolo\u010dn\u00fdm merchom vo va\u0161ej parti\u00ed alebo \u0161portom klube? Va\u0161a zna\u010dka si zasl\u00fa\u017ei vynikn\u00fa\u0165 a odl\u00ed\u0161i\u0165 sa od konkurencie. Spolo\u010dne vieme vybudova\u0165 kvalitn\u00e9 v\u00fdrobky na V\u00e1\u0161 e-shop.<br>Pred ka\u017edou tla\u010dou je pre n\u00e1s samozrejmos\u0165ou pripravi\u0165 a zasla\u0165 v\u00e1m vizualiz\u00e1ciu v\u00e1\u0161ho projektu. Radi v\u00e1m porad\u00edme v pr\u00edpade ot\u00e1zok a nejasnost\u00ed s v\u00fdberom materi\u00e1lu, za samozrejmos\u0165 pova\u017eujeme aj dodanie vzoriek a v\u00fdber spr\u00e1vnej tla\u010diarenskej technol\u00f3gie.<a href=\"https:\/\/www.textilprint.sk\/?page_id=75\" data-type=\"URL\" data-id=\"https:\/\/www.textilprint.sk\/?page_id=75\"> Op\u00fdtajte sa n\u00e1s<\/a> alebo si pozrite na\u0161e <a href=\"https:\/\/www.textilprint.sk\/?page_id=69\" data-type=\"URL\" data-id=\"https:\/\/www.textilprint.sk\/?page_id=69\">portf\u00f3lio<\/a>.<br><\/p>\n\n\n\n<div style=\"height:40px\" aria-hidden=\"true\" class=\"wp-block-spacer\"><\/div>\n<\/div>\n\n\n\n<div class=\"wp-block-column is-vertically-aligned-center is-layout-flow wp-block-column-is-layout-flow\" style=\"flex-basis:50%\">\n<figure class=\"wp-block-image size-large is-resized\"><img loading=\"lazy\" decoding=\"async\" src=\"https:\/\/www.textilprint.sk\/new\/wp-content\/uploads\/2021\/03\/Chcem-byt-rozpoznatelny.jpeg\" alt=\"\" class=\"wp-image-476\" width=\"564\" height=\"376\" srcset=\"https:\/\/www.textilprint.sk\/wp-content\/uploads\/2021\/03\/Chcem-byt-rozpoznatelny.jpeg 1024w, https:\/\/www.textilprint.sk\/wp-content\/uploads\/2021\/03\/Chcem-byt-rozpoznatelny-300x200.jpeg 300w, https:\/\/www.textilprint.sk\/wp-content\/uploads\/2021\/03\/Chcem-byt-rozpoznatelny-768x512.jpeg 768w, https:\/\/www.textilprint.sk\/wp-content\/uploads\/2021\/03\/Chcem-byt-rozpoznatelny-930x620.jpeg 930w\" sizes=\"auto, (max-width: 564px) 100vw, 564px\" \/><\/figure>\n\n\n\n<p><\/p>\n<\/div>\n<\/div>\n\n\n\n<div style=\"height:40px\" aria-hidden=\"true\" class=\"wp-block-spacer\"><\/div>\n<\/div><\/div>\n<\/div><\/div>\n\n\n\n<div class=\"wp-block-cover alignfull has-nv-light-bg-background-color has-background-dim\" style=\"min-height:600px;aspect-ratio:unset;\"><div class=\"wp-block-cover__inner-container is-layout-flow wp-block-cover-is-layout-flow\">\n<div class=\"wp-block-group\"><div class=\"wp-block-group__inner-container is-layout-flow wp-block-group-is-layout-flow\">\n<div style=\"height:80px\" aria-hidden=\"true\" class=\"wp-block-spacer\"><\/div>\n\n\n\n<div class=\"wp-block-columns are-vertically-aligned-center is-layout-flex wp-container-core-columns-is-layout-9d6595d7 wp-block-columns-is-layout-flex\">\n<div class=\"wp-block-column is-vertically-aligned-center is-layout-flow wp-block-column-is-layout-flow\" style=\"flex-basis:50%\">\n<figure class=\"wp-block-image size-large\"><img loading=\"lazy\" decoding=\"async\" width=\"803\" height=\"1024\" src=\"https:\/\/www.textilprint.sk\/new\/wp-content\/uploads\/2021\/03\/chcem-pomoct-klientovi-orez-803x1024.jpg\" alt=\"\" class=\"wp-image-481\" srcset=\"https:\/\/www.textilprint.sk\/wp-content\/uploads\/2021\/03\/chcem-pomoct-klientovi-orez-803x1024.jpg 803w, https:\/\/www.textilprint.sk\/wp-content\/uploads\/2021\/03\/chcem-pomoct-klientovi-orez-235x300.jpg 235w, https:\/\/www.textilprint.sk\/wp-content\/uploads\/2021\/03\/chcem-pomoct-klientovi-orez-768x979.jpg 768w, https:\/\/www.textilprint.sk\/wp-content\/uploads\/2021\/03\/chcem-pomoct-klientovi-orez.jpg 1056w\" sizes=\"auto, (max-width: 803px) 100vw, 803px\" \/><\/figure>\n<\/div>\n\n\n\n<div class=\"wp-block-column is-vertically-aligned-center is-layout-flow wp-block-column-is-layout-flow\" style=\"flex-basis:50%\">\n<h2 class=\"has-text-align-left has-nv-dark-bg-color has-text-color wp-block-heading\">Chcem pom\u00f4c\u0165 klientovi \u2013 pre reklamn\u00e9 agent\u00fary<\/h2>\n\n\n\n<div style=\"height:40px\" aria-hidden=\"true\" class=\"wp-block-spacer\"><\/div>\n\n\n\n<p class=\"has-neve-link-color-color has-text-color\">Ste z reklamnej alebo produk\u010dnej agent\u00fary a h\u013ead\u00e1te rie\u0161enie pre svojho klienta?<br>Radi v\u00e1m pom\u00f4\u017eeme zrealizova\u0165 Va\u0161e vzorky\/n\u00e1vrhy pre klientov, porad\u00edme v\u00e1m s v\u00fdberom spr\u00e1vnemu materi\u00e1lu, \u010di s vhodnou technol\u00f3giou tla\u010de. Pozrite si na\u0161e <a href=\"https:\/\/www.textilprint.sk\/?page_id=69\" data-type=\"URL\" data-id=\"https:\/\/www.textilprint.sk\/?page_id=69\">portf\u00f3lio<\/a>.<\/p>\n\n\n\n<p class=\"has-nv-dark-bg-color has-text-color\">Samozrejme ASAP, uvedomujeme si, \u017ee u\u017e v\u010dera bolo neskoro. <a href=\"https:\/\/www.textilprint.sk\/?page_id=75\" data-type=\"URL\" data-id=\"https:\/\/www.textilprint.sk\/?page_id=75\">Kontaktujte n\u00e1s<\/a>.<\/p>\n<\/div>\n<\/div>\n\n\n\n<div style=\"height:40px\" aria-hidden=\"true\" class=\"wp-block-spacer\"><\/div>\n<\/div><\/div>\n<\/div><\/div>\n\n\n\n<div class=\"wp-block-cover alignfull has-nv-site-bg-background-color has-background-dim\" style=\"min-height:300px;aspect-ratio:unset;\"><div class=\"wp-block-cover__inner-container is-layout-flow wp-block-cover-is-layout-flow\">\n<div style=\"height:140px\" aria-hidden=\"true\" class=\"wp-block-spacer\"><\/div>\n\n\n\n<h2 class=\"has-text-align-center has-neve-text-color-color has-text-color wp-block-heading\">Kontaktujte n\u00e1s<\/h2>\n\n\n\n<p class=\"has-text-align-center has-neve-link-color-color has-text-color has-medium-font-size\">Radi V\u00e1m pom\u00f4\u017eeme od v\u00fdberu materi\u00e1lu a\u017e po odpor\u00fa\u010dan\u00fa formu tla\u010diarenskej technol\u00f3gie.<\/p>\n\n\n\n<div class=\"wp-block-buttons is-content-justification-center is-layout-flex wp-block-buttons-is-layout-flex\">\n<div class=\"wp-block-button is-style-primary\"><a class=\"wp-block-button__link has-nv-site-bg-color has-neve-text-color-background-color has-text-color has-background\" href=\"https:\/\/www.textilprint.sk\/?page_id=75\">Kontakt<\/a><\/div>\n<\/div>\n\n\n\n<div style=\"height:140px\" aria-hidden=\"true\" class=\"wp-block-spacer\"><\/div>\n<\/div><\/div>\n\n\n\n<p><\/p>\n","protected":false},"excerpt":{"rendered":"<p>Potla\u010d a v\u00fd\u0161ivka na textil, sie\u0165otla\u010d, digit\u00e1lna tla\u010d<\/p>\n","protected":false},"author":1,"featured_media":0,"parent":0,"menu_order":0,"comment_status":"closed","ping_status":"closed","template":"","meta":{"_monsterinsights_skip_tracking":false,"_monsterinsights_sitenote_active":false,"_monsterinsights_sitenote_note":"","_monsterinsights_sitenote_category":0,"neve_meta_sidebar":"default","neve_meta_container":"default","neve_meta_enable_content_width":"on","neve_meta_content_width":100,"neve_meta_title_alignment":"left","neve_meta_author_avatar":"","neve_post_elements_order":"","neve_meta_disable_header":"off","neve_meta_disable_footer":"","neve_meta_disable_title":"on","_ti_tpc_template_sync":false,"_ti_tpc_template_id":"cwhkd9lki581rusuhjti","footnotes":""},"class_list":["post-230","page","type-page","status-publish","hentry"],"_links":{"self":[{"href":"https:\/\/www.textilprint.sk\/index.php?rest_route=\/wp\/v2\/pages\/230","targetHints":{"allow":["GET"]}}],"collection":[{"href":"https:\/\/www.textilprint.sk\/index.php?rest_route=\/wp\/v2\/pages"}],"about":[{"href":"https:\/\/www.textilprint.sk\/index.php?rest_route=\/wp\/v2\/types\/page"}],"author":[{"embeddable":true,"href":"https:\/\/www.textilprint.sk\/index.php?rest_route=\/wp\/v2\/users\/1"}],"replies":[{"embeddable":true,"href":"https:\/\/www.textilprint.sk\/index.php?rest_route=%2Fwp%2Fv2%2Fcomments&post=230"}],"version-history":[{"count":50,"href":"https:\/\/www.textilprint.sk\/index.php?rest_route=\/wp\/v2\/pages\/230\/revisions"}],"predecessor-version":[{"id":545,"href":"https:\/\/www.textilprint.sk\/index.php?rest_route=\/wp\/v2\/pages\/230\/revisions\/545"}],"wp:attachment":[{"href":"https:\/\/www.textilprint.sk\/index.php?rest_route=%2Fwp%2Fv2%2Fmedia&parent=230"}],"curies":[{"name":"wp","href":"https:\/\/api.w.org\/{rel}","templated":true}]}}